**2 + 15*s + 15. Determine o(k).
7
Let i(c) = -c**2 - 7*c - 4. Suppose 56 = -4*k + 12. Let t = -17 - k. Calculate i(t).
2
Let i(p) be the third derivative of p**5/60 + 5*p**4/24 + p**3 - 2*p**2. Suppose 3*k - 24*k + 10*k = 44. Determine i(k).
2
Let s(n) = -n**3 - 9*n**2 + 3*n + 26. Let d(i) = i**3 - 16*i**2 + 22*i - 114. Let c be d(15). What is s(c)?
-1
Let m be ((-1)/((2 - 0)/6))/(-3). Let g(x) be the second derivative of -7*x**4/12 - x**3/2 + x**2 - 18*x. Give g(m).
-8
Let z be ((-14 - -9) + (14 - 2))*1. Let h(v) = v**2 - 7*v + 4. Give h(z).
4
Let l(p) = 12 - 15*p + 19 - 16 + 25 + p**2 + 17. Give l(9).
3
Let m(s) be the second derivative of s**5/20 - s**4/12 - s**3/2 + 3*s**2/2 - 640*s. Determine m(3).
12
Let v(q) = 19951 + q + 12*q - q**2 - 19865. Determine v(18).
-4
Let z = -839 + 853. Let n(d) = z - 4*d**2 + 3*d**2 - 12*d + 3*d**2 + 4*d**2 - 5*d**2. What is n(11)?
3
Let u(k) be the first derivative of -k**5/60 + k**4/4 + k**3 + k**2 - 2*k + 27. Let f(y) be the second derivative of u(y). Give f(6).
6
Let f(o) = o. Let q(n) = -4*n + 7. Let i(p) = -6*f(p) - q(p). Suppose -3*r = -4*r + 4, 3*l - 5*r = 352. Let a be ((-434)/l)/((6/4)/3). Calculate i(a).
7
Suppose -d = 2*k - 4*k + 721, -k + 4*d + 350 = 0. Let c(q) = 1 - k*q**3 - 5 + 363*q**3 + 3*q**2 - 3*q. Let o = -4 - -1. Calculate c(o).
5
Suppose 5*d = 10*d - 5*h + 55, -5*d = 2*h + 27. Let c(a) = -a**3 - 8*a**2 - 9*a - 14. Calculate c(d).
0
Let q = -30 + 32. Let r(x) = 71*x**q - 3*x - 144*x**2 - 3 + 10 + 72*x**2. Give r(3).
-11
Suppose 513*y = 518*y + 1335. Let h = y - -267. Let l(r) = r - 14. Give l(h).
-14
Let q(c) = 4*c**2 + 127*c + 94. Let d be q(-31). Let w(y) = 29*y**2 - 3*y + 1. Give w(d).
27
Let r(q) = 53 - 33 - 2 + 16*q - 25 - q**2. Determine r(0).
-7
Suppose a = -3*a - 5*u - 49, -u - 5 = 0. Let m(r) = 29*r**2 - 21*r + 1. Let v(j) = -35*j**2 + 24*j - 1. Let o(l) = 6*m(l) + 5*v(l). Determine o(a).
1
Let b(f) = -f**3 - f**2 - 4*f + 70. Let l(i) = -1063*i + 1063. Let a be l(1). Give b(a).
70
Let o be 2*(-7 - (-12)/2). Let d(c) be the third derivative of 3*c**5/20 + 5*c**4/24 - 11*c**2. Let l(v) = v**2 + v. Let x(m) = d(m) - 2*l(m). What is x(o)?
22
Let p(v) = 4*v - 19. Suppose -2*d = 5*z - 11 - 6, 3*d - 18 = -5*z. Let w be p(z). Let s(m) be the first derivative of m**2/2 + m + 82. Give s(w).
-6
Let z(j) be the second derivative of j**5/20 + 11*j**4/12 + 7*j**3/6 - j**2 - 1573*j. Calculate z(-11).
-79
Let a be -8*((-9)/2)/3. Suppose -6*s + 30 = -a*s. Let t(u) = -6*u**2 + 6*u + 5. Let k(v) = -7*v**2 + 6*v + 5. Let o(z) = s*k(z) + 6*t(z). Give o(5).
10
Let i(m) = -95*m + 24*m + 70*m + 3*m**2 + 2. Determine i(-2).
16
Let t = 8298 + -8295. Let s(z) be the second derivative of 1/2*z**2 - 1/6*z**4 + 0 + 0*z**t + 16*z. Calculate s(2).
-7
Let b(d) = -12*d - 68. Let s be b(-6). Suppose -s*f + 3*m = f, 0 = -3*f - m. Let t(k) = -2 - 2*k + 0 + f + 1. What is t(1)?
-3
Let a(c) = c**2 - 33*c + 128. Suppose -5*d + 130 = -10*z + 8*z, 0 = -4*d - z + 117. Calculate a(d).
-12
Suppose 399 = -25*i + 249. Let a(m) be the second derivative of 0 + 10*m + 1/12*m**4 + 7/6*m**3 + 3*m**2. Calculate a(i).
0
Suppose -3*h = 5*u + 24, 5*u + 18 + 8 = -2*h. Let i = u + 8. Let j(b) = 10 - 6*b - 17 - 2*b**i + 3*b**2. Determine j(7).
0
Let z be (-18)/(-30) - (-2)/5. Let d(q) = 3*q - 19. Let n be d(8). Suppose v = -4*r + n, r + z = 2*v - 0*r. Let t(h) = h**3 - 3*h**2 + 1. Give t(v).
-1
Let p(m) = 7*m**3 - 33*m**2 + m + 51. Let i(w) = 12*w**3 - 62*w**2 + w + 102. Let g(x) = -3*i(x) + 5*p(x). Determine g(21).
-9
Suppose -5*c + 22 = -4*p, 3*p = -c - 6 - 1. Suppose -2*i = -3*m + 2*i - 3, c*m + 2*i = 12. Suppose 0 = -m*f + 21 - 42. Let b(d) = d + 3. Give b(f).
-4
Suppose -4 + 13 = 3*m. Suppose 5*k = -4*z - 2, m*k - 5*k + 10 = -2*z. Let n(b) = -27*b**2 - 4 + 7*b + 58*b**k - 32*b**2. Determine n(7).
-4
Let n = 8 - 5. Let z(t) = -5*t**3 - 1 + t**3 - 2*t + n*t**3. Calculate z(-1).
2
Let q(j) be the second derivative of -j**7/840 + j**6/240 + j**5/60 + j**4/4 - 4*j**3/3 - 136*j + 1. Let y(p) be the third derivative of q(p). What is y(4)?
-34
Suppose 4*v = -3*o + 4, -5*o - 80 = -2*v - 78. Let a(q) = -15*q. Give a(o).
0
Let k(v) = 9*v - 14. Let n(i) = -i**3 + 35*i**2 + 4*i - 136. Let q be n(35). Give k(q).
22
Let d(r) = -927*r + 431. Let z(n) = 328*n - 143. Let v(o) = -6*d(o) - 17*z(o). Give v(-11).
-1
Let v(b) be the second derivative of -b**5/10 + b**4/3 + b**3 - 2*b**2 - 114*b + 7. What is v(-2)?
16
Let p(s) be the first derivative of -s**2 + 3*s - 518. Let r = 550 + -541. Calculate p(r).
-15
Let y(m) = m + 9. Suppose -8*i + 5*i - 4*z - 20 = 0, 2*z + 8 = -i. Let a(f) = f - 1. Let d(s) = i*a(s) + y(s). What is d(6)?
-5
Let n be 2/(144/(-27) - -6). Let m(h) = -21*h**2 + 41*h**2 - 2 - 16*h**2 + h + h**n + h + 7. What is m(-4)?
-3
Suppose -2*s - 6 = -30. Let c(z) = -10*z + 21*z + 3 - z**2 - s*z. Determine c(-2).
1
Let z(l) be the second derivative of -l**5/20 + 8*l**4/3 + 17*l**3/3 - 23*l**2/2 - 1436*l. Give z(33).
10
Let k(v) = -v - 5. Let q = -46 - -49. Suppose 3*t = 9*h - 7*h, -3*h = q*t. Determine k(h).
-5
Let g(x) = 7*x**2 + 9*x + 7. Let z(a) = -20*a**2 - 28*a - 20. Let w(l) = -17*g(l) - 6*z(l). Determine w(-15).
1
Suppose -16*o + 2*o = -8*o - 18. Let l(m) be the second derivative of -3/2*m**2 + 0 + 23*m - 1/6*m**o. Determine l(-5).
2
Let c(i) = -26*i + 27*i + 5 + 4. Let f be c(2). Suppose -4*l - f = 1. Let k(p) = 4*p**2 + 4*p. Give k(l).
24
Let b(k) be the second derivative of k**3/6 + k**2 - 23*k - 9. Determine b(11).
13
Let r(g) = 11*g - 63. Let c be -5 + 82/14 - (-1008)/196. Determine r(c).
3
Let j(x) = -11 + 3*x + 15 + 2 - 2 + 3. What is j(-7)?
-14
Let d(v) be the second derivative of -12 - 1/2*v**2 + v + 1/6*v**3. What is d(8)?
7
Let a(v) = -11*v**2 - 3*v. Let n(y) = -32*y**2 - 9*y. Let m(t) = -7*a(t) + 2*n(t). Let q(k) = -6*k**2 - k. Let d(s) = 3*m(s) + 7*q(s). Determine d(2).
-8
Let j = 5266 + -5264. Let u(k) = -k**3 + 3*k**2 - 5*k + 1. What is u(j)?
-5
Let g(v) = -16*v**3 + 8*v**2 + 3. Let s(w) be the third derivative of w**6/120 - w**5/30 - w**3/6 - 42*w**2. Let c(j) = g(j) + 4*s(j). Give c(1).
-13
Let c(n) = -n**3 - n + 94. Let k be (0/(-468))/(1*(-2 + 1)). Give c(k).
94
Let k(l) = -11*l + 2. Let z(w) = -5*w + 1. Let i(q) = -6*k(q) + 10*z(q). Let p = 64131 + -64130. What is i(p)?
14
Let u(j) = j - 2. Let s(n) = -n**2 + 19*n - 15. Let b be s(18). Suppose b*k = k + 28. Let p = k + -7. Calculate u(p).
5
Let c = 1336 + -1333. Let m(u) = -3*u**2 + 8*u - 6. Determine m(c).
-9
Let s(p) be the first derivative of -p**2 - 43*p + 1187. Calculate s(-12).
-19
Let u = 4338 - 4342. Let r(v) be the second derivative of 2*v**2 + 5/6*v**3 + 1/3*v**4 + 1/20*v**5 - 2*v + 0. Give r(u).
-16
Let q be (-46)/(-2) - (-6 - (3 + -7)). Let i = -23 + q. Let w(t) = -2*t**2 + t + 4. What is w(i)?
-2
Let l(d) be the third derivative of -d**5/60 + 7*d**4/24 + 7*d**3/3 + 980*d**2 + 1. Give l(-2).
-4
Suppose 4*v = -5*p + 31, 2*v + 8*p - 10*p = 20. Let b(g) = -8*g + 7. Let r(z) = 34*z - 30. Let y(d) = v*b(d) + 2*r(d). What is y(5)?
-17
Suppose -2 = 5*u + 3*t + 2, 2*u = 4*t + 14. Let a(x) = -8*x + 13*x + 0 - 8*x + 4 - x**2 - u. Calculate a(-5).
-7
Let g(r) = 2*r**3 - 36*r**2 + 4*r - 66. Let f be g(18). Let t(u) = 104*u - 631. Give t(f).
-7
Let f(y) = y**3 - 46*y**2 + 126*y + 138. Let i be f(43). Let t(n) = n + 0 + 2*n - n - 15. Calculate t(i).
3
Let p(f) be the second derivative of 2/3*f**3 - 14*f - f**2 + 0. Calculate p(-2).
-10
Let l(s) = s**3 + 13*s**2 - 18*s - 51. Let t be l(-14). Suppose t*z = -4*m + 15, -9*z + 10*z + 1 = 0. Let a(u) = -u**2 + 3*u + 4. Give a(m).
-6
Let o(a) be the first derivative of a**4/4 + 4*a**3 - 23*a**2/2 - 32*a - 2733. Determine o(-13).
98
Let a be (3/6)/((3/3)/64). Suppose 3*t - 2*w = 15 + 11, -4*t = -2*w - a. Let h(o) = -9 - t - o + 4 + 1. What is h(-7)?
-3
Let p(m) = -m**3 + 3*m**2 + 9*m + 9. Let n be 17 - (-7)/((-49)/91). Calculate p(n).
29
Let m(d) be the third derivative of -d**6/120 + d**5/6 - 7*d**4/24 - d**3/6 - 1191*d**2. Give m(7).
97
Let u(f) = -f**2 + 5*f + 8. Let j be 10/8*(9 - -3). Suppose 14*x = 9*x + j. Suppose 5*d + 1 = 3*q + 8, 4*q - x*d - 9 = 0. Calculate u(q).
2
Let j(b) = b**3 + 3*b**2 - 34*b - 94. Let q be j(-6). Suppose 5 = -0*w + w. Let i(z) = -q + w + 9*z - 3*z - 7*z. Calculate i(9).
-6
Let d(o) = 